{"id":6255,"date":"2018-08-10T16:02:23","date_gmt":"2018-08-10T16:02:23","guid":{"rendered":"http:\/\/zebate24.pl\/?post_type=product&#038;p=6255"},"modified":"2025-09-23T09:24:12","modified_gmt":"2025-09-23T09:24:12","slug":"3429424m92-massey-ferguson-walek-atakujacy-kolo-talerzowe","status":"publish","type":"product","link":"https:\/\/zebate24.pl\/produkt\/3429424m92-massey-ferguson-walek-atakujacy-kolo-talerzowe\/","title":{"rendered":"3429424m92 Massey Ferguson Wa\u0142ek Atakuj\u0105cy Ko\u0142o Talerzowe"},"content":{"rendered":"<p>Wa\u0142ek atakuj\u0105cy z ko\u0142em talerzowym, zamiennik.<br \/>\nBevel Gear Set<br \/>\n<strong>Numer por\u00f3wnawczy: <\/strong>3429424m92, <span id=\"gwp20975e1b_gmail-product_description\">3429424m91 <\/span><br \/>\n<strong>Pasuje do Massey Ferguson: <\/strong><span id=\"gwp20975e1b_gmail-product_description\">3050, 3060, 3065, 5425, 5435, 5445, 5455, 6120, 6130, 6140, 6235, 6245, 6255,<br \/>\n6445, 6455, LT75A, LT90A, MT425B, MT445B, MT455B, <\/span><\/p>\n","protected":false},"excerpt":{"rendered":"<p><strong>nr-y por\u00f3wnawcze: <\/strong>3429424m92, <span id=\"gwp20975e1b_gmail-product_description\">3429424m91 <\/span><\/p>\n","protected":false},"featured_media":6256,"comment_status":"closed","ping_status":"closed","template":"","meta":{"_acf_changed":false,"inline_featured_image":false},"ze_product_categories":[12383],"product_cat":[35],"product_tag":[],"class_list":{"0":"post-6255","1":"product","2":"type-product","3":"status-publish","4":"has-post-thumbnail","6":"ze_product_categories-walki-atakujace-i-kola-talerzowe","7":"product_cat-czesci-massey-ferguson","9":"first","10":"instock","11":"shipping-taxable","12":"purchasable","13":"product-type-simple"},"yoast_head":"<!-- This site is optimized with the Yoast SEO plugin v24.2 - https:\/\/yoast.com\/wordpress\/plugins\/seo\/ -->\n<title>3429424m92 Massey Ferguson Wa\u0142ek Atakuj\u0105cy Ko\u0142o Talerzowe - Z\u0119bate 24<\/title>\n<meta name=\"robots\" content=\"index, follow, max-snippet:-1, max-image-preview:large, max-video-preview:-1\" \/>\n<link rel=\"canonical\" href=\"https:\/\/zebate24.pl\/produkt\/3429424m92-massey-ferguson-walek-atakujacy-kolo-talerzowe\/\" \/>\n<meta property=\"og:locale\" content=\"pl_PL\" \/>\n<meta property=\"og:type\" content=\"article\" \/>\n<meta property=\"og:title\" content=\"3429424m92 Massey Ferguson Wa\u0142ek Atakuj\u0105cy Ko\u0142o Talerzowe - Z\u0119bate 24\" \/>\n<meta property=\"og:description\" content=\"nr-y por\u00f3wnawcze: 3429424m92, 3429424m91\" \/>\n<meta property=\"og:url\" content=\"https:\/\/zebate24.pl\/produkt\/3429424m92-massey-ferguson-walek-atakujacy-kolo-talerzowe\/\" \/>\n<meta property=\"og:site_name\" content=\"Z\u0119bate 24\" \/>\n<meta property=\"article:modified_time\" content=\"2025-09-23T09:24:12+00:00\" \/>\n<meta property=\"og:image\" content=\"https:\/\/zebate24.pl\/wp-content\/uploads\/2018\/08\/Zdj\u0119cie-19.jpg\" \/>\n\t<meta property=\"og:image:width\" content=\"300\" \/>\n\t<meta property=\"og:image:height\" content=\"300\" \/>\n\t<meta property=\"og:image:type\" content=\"image\/jpeg\" \/>\n<meta name=\"twitter:card\" content=\"summary_large_image\" \/>\n<meta name=\"twitter:label1\" content=\"Szacowany czas czytania\" \/>\n\t<meta name=\"twitter:data1\" content=\"1 minuta\" \/>\n<script type=\"application\/ld+json\" class=\"yoast-schema-graph\">{\"@context\":\"https:\/\/schema.org\",\"@graph\":[{\"@type\":\"WebPage\",\"@id\":\"https:\/\/zebate24.pl\/produkt\/3429424m92-massey-ferguson-walek-atakujacy-kolo-talerzowe\/\",\"url\":\"https:\/\/zebate24.pl\/produkt\/3429424m92-massey-ferguson-walek-atakujacy-kolo-talerzowe\/\",\"name\":\"3429424m92 Massey Ferguson Wa\u0142ek Atakuj\u0105cy Ko\u0142o Talerzowe - Z\u0119bate 24\",\"isPartOf\":{\"@id\":\"https:\/\/zebate24.pl\/#website\"},\"primaryImageOfPage\":{\"@id\":\"https:\/\/zebate24.pl\/produkt\/3429424m92-massey-ferguson-walek-atakujacy-kolo-talerzowe\/#primaryimage\"},\"image\":{\"@id\":\"https:\/\/zebate24.pl\/produkt\/3429424m92-massey-ferguson-walek-atakujacy-kolo-talerzowe\/#primaryimage\"},\"thumbnailUrl\":\"https:\/\/zebate24.pl\/wp-content\/uploads\/2018\/08\/Zdj\u0119cie-19.jpg\",\"datePublished\":\"2018-08-10T16:02:23+00:00\",\"dateModified\":\"2025-09-23T09:24:12+00:00\",\"breadcrumb\":{\"@id\":\"https:\/\/zebate24.pl\/produkt\/3429424m92-massey-ferguson-walek-atakujacy-kolo-talerzowe\/#breadcrumb\"},\"inLanguage\":\"pl-PL\",\"potentialAction\":[{\"@type\":\"ReadAction\",\"target\":[\"https:\/\/zebate24.pl\/produkt\/3429424m92-massey-ferguson-walek-atakujacy-kolo-talerzowe\/\"]}]},{\"@type\":\"ImageObject\",\"inLanguage\":\"pl-PL\",\"@id\":\"https:\/\/zebate24.pl\/produkt\/3429424m92-massey-ferguson-walek-atakujacy-kolo-talerzowe\/#primaryimage\",\"url\":\"https:\/\/zebate24.pl\/wp-content\/uploads\/2018\/08\/Zdj\u0119cie-19.jpg\",\"contentUrl\":\"https:\/\/zebate24.pl\/wp-content\/uploads\/2018\/08\/Zdj\u0119cie-19.jpg\",\"width\":300,\"height\":300},{\"@type\":\"BreadcrumbList\",\"@id\":\"https:\/\/zebate24.pl\/produkt\/3429424m92-massey-ferguson-walek-atakujacy-kolo-talerzowe\/#breadcrumb\",\"itemListElement\":[{\"@type\":\"ListItem\",\"position\":1,\"name\":\"Strona g\u0142\u00f3wna\",\"item\":\"https:\/\/zebate24.pl\/\"},{\"@type\":\"ListItem\",\"position\":2,\"name\":\"Cz\u0119\u015bci\",\"item\":\"https:\/\/zebate24.pl\/czesci\/\"},{\"@type\":\"ListItem\",\"position\":3,\"name\":\"3429424m92 Massey Ferguson Wa\u0142ek Atakuj\u0105cy Ko\u0142o Talerzowe\"}]},{\"@type\":\"WebSite\",\"@id\":\"https:\/\/zebate24.pl\/#website\",\"url\":\"https:\/\/zebate24.pl\/\",\"name\":\"Z\u0119bate 24\",\"description\":\"Szeroka oferta cz\u0119\u015bci nap\u0119dowych! Ko\u0142a z\u0119bate, przek\u0142adnie k\u0105towe z\u0119bate, most carraro, dana, kessler, spicer, zf, ko\u0142a talerzowe, mosty nap\u0119dowe\",\"potentialAction\":[{\"@type\":\"SearchAction\",\"target\":{\"@type\":\"EntryPoint\",\"urlTemplate\":\"https:\/\/zebate24.pl\/?s={search_term_string}\"},\"query-input\":{\"@type\":\"PropertyValueSpecification\",\"valueRequired\":true,\"valueName\":\"search_term_string\"}}],\"inLanguage\":\"pl-PL\"}]}<\/script>\n<!-- \/ Yoast SEO plugin. -->","yoast_head_json":{"title":"3429424m92 Massey Ferguson Wa\u0142ek Atakuj\u0105cy Ko\u0142o Talerzowe - Z\u0119bate 24","robots":{"index":"index","follow":"follow","max-snippet":"max-snippet:-1","max-image-preview":"max-image-preview:large","max-video-preview":"max-video-preview:-1"},"canonical":"https:\/\/zebate24.pl\/produkt\/3429424m92-massey-ferguson-walek-atakujacy-kolo-talerzowe\/","og_locale":"pl_PL","og_type":"article","og_title":"3429424m92 Massey Ferguson Wa\u0142ek Atakuj\u0105cy Ko\u0142o Talerzowe - Z\u0119bate 24","og_description":"nr-y por\u00f3wnawcze: 3429424m92, 3429424m91","og_url":"https:\/\/zebate24.pl\/produkt\/3429424m92-massey-ferguson-walek-atakujacy-kolo-talerzowe\/","og_site_name":"Z\u0119bate 24","article_modified_time":"2025-09-23T09:24:12+00:00","og_image":[{"width":300,"height":300,"url":"https:\/\/zebate24.pl\/wp-content\/uploads\/2018\/08\/Zdj\u0119cie-19.jpg","type":"image\/jpeg"}],"twitter_card":"summary_large_image","twitter_misc":{"Szacowany czas czytania":"1 minuta"},"schema":{"@context":"https:\/\/schema.org","@graph":[{"@type":"WebPage","@id":"https:\/\/zebate24.pl\/produkt\/3429424m92-massey-ferguson-walek-atakujacy-kolo-talerzowe\/","url":"https:\/\/zebate24.pl\/produkt\/3429424m92-massey-ferguson-walek-atakujacy-kolo-talerzowe\/","name":"3429424m92 Massey Ferguson Wa\u0142ek Atakuj\u0105cy Ko\u0142o Talerzowe - Z\u0119bate 24","isPartOf":{"@id":"https:\/\/zebate24.pl\/#website"},"primaryImageOfPage":{"@id":"https:\/\/zebate24.pl\/produkt\/3429424m92-massey-ferguson-walek-atakujacy-kolo-talerzowe\/#primaryimage"},"image":{"@id":"https:\/\/zebate24.pl\/produkt\/3429424m92-massey-ferguson-walek-atakujacy-kolo-talerzowe\/#primaryimage"},"thumbnailUrl":"https:\/\/zebate24.pl\/wp-content\/uploads\/2018\/08\/Zdj\u0119cie-19.jpg","datePublished":"2018-08-10T16:02:23+00:00","dateModified":"2025-09-23T09:24:12+00:00","breadcrumb":{"@id":"https:\/\/zebate24.pl\/produkt\/3429424m92-massey-ferguson-walek-atakujacy-kolo-talerzowe\/#breadcrumb"},"inLanguage":"pl-PL","potentialAction":[{"@type":"ReadAction","target":["https:\/\/zebate24.pl\/produkt\/3429424m92-massey-ferguson-walek-atakujacy-kolo-talerzowe\/"]}]},{"@type":"ImageObject","inLanguage":"pl-PL","@id":"https:\/\/zebate24.pl\/produkt\/3429424m92-massey-ferguson-walek-atakujacy-kolo-talerzowe\/#primaryimage","url":"https:\/\/zebate24.pl\/wp-content\/uploads\/2018\/08\/Zdj\u0119cie-19.jpg","contentUrl":"https:\/\/zebate24.pl\/wp-content\/uploads\/2018\/08\/Zdj\u0119cie-19.jpg","width":300,"height":300},{"@type":"BreadcrumbList","@id":"https:\/\/zebate24.pl\/produkt\/3429424m92-massey-ferguson-walek-atakujacy-kolo-talerzowe\/#breadcrumb","itemListElement":[{"@type":"ListItem","position":1,"name":"Strona g\u0142\u00f3wna","item":"https:\/\/zebate24.pl\/"},{"@type":"ListItem","position":2,"name":"Cz\u0119\u015bci","item":"https:\/\/zebate24.pl\/czesci\/"},{"@type":"ListItem","position":3,"name":"3429424m92 Massey Ferguson Wa\u0142ek Atakuj\u0105cy Ko\u0142o Talerzowe"}]},{"@type":"WebSite","@id":"https:\/\/zebate24.pl\/#website","url":"https:\/\/zebate24.pl\/","name":"Z\u0119bate 24","description":"Szeroka oferta cz\u0119\u015bci nap\u0119dowych! Ko\u0142a z\u0119bate, przek\u0142adnie k\u0105towe z\u0119bate, most carraro, dana, kessler, spicer, zf, ko\u0142a talerzowe, mosty nap\u0119dowe","potentialAction":[{"@type":"SearchAction","target":{"@type":"EntryPoint","urlTemplate":"https:\/\/zebate24.pl\/?s={search_term_string}"},"query-input":{"@type":"PropertyValueSpecification","valueRequired":true,"valueName":"search_term_string"}}],"inLanguage":"pl-PL"}]}},"gutenberg_blocks":[{"blockName":"custom-styles","attrs":{"styles":""}}],"meta_data":{"short_description":""},"acf":[],"_links":{"self":[{"href":"https:\/\/zebate24.pl\/index.php\/wp-json\/wp\/v2\/product\/6255","targetHints":{"allow":["GET"]}}],"collection":[{"href":"https:\/\/zebate24.pl\/index.php\/wp-json\/wp\/v2\/product"}],"about":[{"href":"https:\/\/zebate24.pl\/index.php\/wp-json\/wp\/v2\/types\/product"}],"replies":[{"embeddable":true,"href":"https:\/\/zebate24.pl\/index.php\/wp-json\/wp\/v2\/comments?post=6255"}],"wp:featuredmedia":[{"embeddable":true,"href":"https:\/\/zebate24.pl\/index.php\/wp-json\/wp\/v2\/media\/6256"}],"wp:attachment":[{"href":"https:\/\/zebate24.pl\/index.php\/wp-json\/wp\/v2\/media?parent=6255"}],"wp:term":[{"taxonomy":"ze_product_categories","embeddable":true,"href":"https:\/\/zebate24.pl\/index.php\/wp-json\/wp\/v2\/ze_product_categories?post=6255"},{"taxonomy":"product_cat","embeddable":true,"href":"https:\/\/zebate24.pl\/index.php\/wp-json\/wp\/v2\/product_cat?post=6255"},{"taxonomy":"product_tag","embeddable":true,"href":"https:\/\/zebate24.pl\/index.php\/wp-json\/wp\/v2\/product_tag?post=6255"}],"curies":[{"name":"wp","href":"https:\/\/api.w.org\/{rel}","templated":true}]}}