{"id":30600,"date":"2022-09-26T13:44:23","date_gmt":"2022-09-26T13:44:23","guid":{"rendered":"https:\/\/zebate24.pl\/?post_type=product&#038;p=30600"},"modified":"2022-09-26T13:44:25","modified_gmt":"2022-09-26T13:44:25","slug":"4207785-dana-spicer-pompa-jazdy","status":"publish","type":"product","link":"https:\/\/zebate24.pl\/produkt\/4207785-dana-spicer-pompa-jazdy\/","title":{"rendered":"4207785 Dana Spicer Pompa Jazdy"},"content":{"rendered":"<p>Nowa, oryginalna Pompa jazdy Dana Spicer.<\/p>\n<p>Nr-y por\u00f3wnawcze: 4207785<\/p>\n","protected":false},"excerpt":{"rendered":"<p>Kod producenta: 4207785<\/p>\n","protected":false},"featured_media":30601,"comment_status":"closed","ping_status":"closed","template":"","meta":{"_acf_changed":false,"inline_featured_image":false},"ze_product_categories":[12397],"product_cat":[45],"product_tag":[5067,124,678,1313],"class_list":{"0":"post-30600","1":"product","2":"type-product","3":"status-publish","4":"has-post-thumbnail","6":"ze_product_categories-pompy","7":"product_cat-czesci-dana-spicer-clark-hurth","8":"product_tag-5067","9":"product_tag-dana-spicer","10":"product_tag-pompa","11":"product_tag-pompa-jazdy","13":"first","14":"instock","15":"shipping-taxable","16":"purchasable","17":"product-type-simple"},"yoast_head":"<!-- This site is optimized with the Yoast SEO plugin v24.2 - https:\/\/yoast.com\/wordpress\/plugins\/seo\/ -->\n<title>4207785 Dana Spicer Pompa Jazdy - Z\u0119bate 24<\/title>\n<meta name=\"description\" content=\"Nowa, oryginalna Pompa jazdy Dana Spicer 4207785\" \/>\n<meta name=\"robots\" content=\"index, follow, max-snippet:-1, max-image-preview:large, max-video-preview:-1\" \/>\n<link rel=\"canonical\" href=\"https:\/\/zebate24.pl\/produkt\/4207785-dana-spicer-pompa-jazdy\/\" \/>\n<meta property=\"og:locale\" content=\"pl_PL\" \/>\n<meta property=\"og:type\" content=\"article\" \/>\n<meta property=\"og:title\" content=\"4207785 Dana Spicer Pompa Jazdy - Z\u0119bate 24\" \/>\n<meta property=\"og:description\" content=\"Nowa, oryginalna Pompa jazdy Dana Spicer 4207785\" \/>\n<meta property=\"og:url\" content=\"https:\/\/zebate24.pl\/produkt\/4207785-dana-spicer-pompa-jazdy\/\" \/>\n<meta property=\"og:site_name\" content=\"Z\u0119bate 24\" \/>\n<meta property=\"article:modified_time\" content=\"2022-09-26T13:44:25+00:00\" \/>\n<meta property=\"og:image\" content=\"https:\/\/zebate24.pl\/wp-content\/uploads\/2022\/09\/pompa-e1664199834470.png\" \/>\n\t<meta property=\"og:image:width\" content=\"300\" \/>\n\t<meta property=\"og:image:height\" content=\"300\" \/>\n\t<meta property=\"og:image:type\" content=\"image\/png\" \/>\n<meta name=\"twitter:card\" content=\"summary_large_image\" \/>\n<meta name=\"twitter:label1\" content=\"Szacowany czas czytania\" \/>\n\t<meta name=\"twitter:data1\" content=\"1 minuta\" \/>\n<script type=\"application\/ld+json\" class=\"yoast-schema-graph\">{\"@context\":\"https:\/\/schema.org\",\"@graph\":[{\"@type\":\"WebPage\",\"@id\":\"https:\/\/zebate24.pl\/produkt\/4207785-dana-spicer-pompa-jazdy\/\",\"url\":\"https:\/\/zebate24.pl\/produkt\/4207785-dana-spicer-pompa-jazdy\/\",\"name\":\"4207785 Dana Spicer Pompa Jazdy - Z\u0119bate 24\",\"isPartOf\":{\"@id\":\"https:\/\/zebate24.pl\/#website\"},\"primaryImageOfPage\":{\"@id\":\"https:\/\/zebate24.pl\/produkt\/4207785-dana-spicer-pompa-jazdy\/#primaryimage\"},\"image\":{\"@id\":\"https:\/\/zebate24.pl\/produkt\/4207785-dana-spicer-pompa-jazdy\/#primaryimage\"},\"thumbnailUrl\":\"https:\/\/zebate24.pl\/wp-content\/uploads\/2022\/09\/pompa-e1664199834470.png\",\"datePublished\":\"2022-09-26T13:44:23+00:00\",\"dateModified\":\"2022-09-26T13:44:25+00:00\",\"description\":\"Nowa, oryginalna Pompa jazdy Dana Spicer 4207785\",\"breadcrumb\":{\"@id\":\"https:\/\/zebate24.pl\/produkt\/4207785-dana-spicer-pompa-jazdy\/#breadcrumb\"},\"inLanguage\":\"pl-PL\",\"potentialAction\":[{\"@type\":\"ReadAction\",\"target\":[\"https:\/\/zebate24.pl\/produkt\/4207785-dana-spicer-pompa-jazdy\/\"]}]},{\"@type\":\"ImageObject\",\"inLanguage\":\"pl-PL\",\"@id\":\"https:\/\/zebate24.pl\/produkt\/4207785-dana-spicer-pompa-jazdy\/#primaryimage\",\"url\":\"https:\/\/zebate24.pl\/wp-content\/uploads\/2022\/09\/pompa-e1664199834470.png\",\"contentUrl\":\"https:\/\/zebate24.pl\/wp-content\/uploads\/2022\/09\/pompa-e1664199834470.png\",\"width\":300,\"height\":300},{\"@type\":\"BreadcrumbList\",\"@id\":\"https:\/\/zebate24.pl\/produkt\/4207785-dana-spicer-pompa-jazdy\/#breadcrumb\",\"itemListElement\":[{\"@type\":\"ListItem\",\"position\":1,\"name\":\"Strona g\u0142\u00f3wna\",\"item\":\"https:\/\/zebate24.pl\/\"},{\"@type\":\"ListItem\",\"position\":2,\"name\":\"Cz\u0119\u015bci\",\"item\":\"https:\/\/zebate24.pl\/czesci\/\"},{\"@type\":\"ListItem\",\"position\":3,\"name\":\"4207785 Dana Spicer Pompa Jazdy\"}]},{\"@type\":\"WebSite\",\"@id\":\"https:\/\/zebate24.pl\/#website\",\"url\":\"https:\/\/zebate24.pl\/\",\"name\":\"Z\u0119bate 24\",\"description\":\"Szeroka oferta cz\u0119\u015bci nap\u0119dowych! Ko\u0142a z\u0119bate, przek\u0142adnie k\u0105towe z\u0119bate, most carraro, dana, kessler, spicer, zf, ko\u0142a talerzowe, mosty nap\u0119dowe\",\"potentialAction\":[{\"@type\":\"SearchAction\",\"target\":{\"@type\":\"EntryPoint\",\"urlTemplate\":\"https:\/\/zebate24.pl\/?s={search_term_string}\"},\"query-input\":{\"@type\":\"PropertyValueSpecification\",\"valueRequired\":true,\"valueName\":\"search_term_string\"}}],\"inLanguage\":\"pl-PL\"}]}<\/script>\n<!-- \/ Yoast SEO plugin. -->","yoast_head_json":{"title":"4207785 Dana Spicer Pompa Jazdy - Z\u0119bate 24","description":"Nowa, oryginalna Pompa jazdy Dana Spicer 4207785","robots":{"index":"index","follow":"follow","max-snippet":"max-snippet:-1","max-image-preview":"max-image-preview:large","max-video-preview":"max-video-preview:-1"},"canonical":"https:\/\/zebate24.pl\/produkt\/4207785-dana-spicer-pompa-jazdy\/","og_locale":"pl_PL","og_type":"article","og_title":"4207785 Dana Spicer Pompa Jazdy - Z\u0119bate 24","og_description":"Nowa, oryginalna Pompa jazdy Dana Spicer 4207785","og_url":"https:\/\/zebate24.pl\/produkt\/4207785-dana-spicer-pompa-jazdy\/","og_site_name":"Z\u0119bate 24","article_modified_time":"2022-09-26T13:44:25+00:00","og_image":[{"width":300,"height":300,"url":"https:\/\/zebate24.pl\/wp-content\/uploads\/2022\/09\/pompa-e1664199834470.png","type":"image\/png"}],"twitter_card":"summary_large_image","twitter_misc":{"Szacowany czas czytania":"1 minuta"},"schema":{"@context":"https:\/\/schema.org","@graph":[{"@type":"WebPage","@id":"https:\/\/zebate24.pl\/produkt\/4207785-dana-spicer-pompa-jazdy\/","url":"https:\/\/zebate24.pl\/produkt\/4207785-dana-spicer-pompa-jazdy\/","name":"4207785 Dana Spicer Pompa Jazdy - Z\u0119bate 24","isPartOf":{"@id":"https:\/\/zebate24.pl\/#website"},"primaryImageOfPage":{"@id":"https:\/\/zebate24.pl\/produkt\/4207785-dana-spicer-pompa-jazdy\/#primaryimage"},"image":{"@id":"https:\/\/zebate24.pl\/produkt\/4207785-dana-spicer-pompa-jazdy\/#primaryimage"},"thumbnailUrl":"https:\/\/zebate24.pl\/wp-content\/uploads\/2022\/09\/pompa-e1664199834470.png","datePublished":"2022-09-26T13:44:23+00:00","dateModified":"2022-09-26T13:44:25+00:00","description":"Nowa, oryginalna Pompa jazdy Dana Spicer 4207785","breadcrumb":{"@id":"https:\/\/zebate24.pl\/produkt\/4207785-dana-spicer-pompa-jazdy\/#breadcrumb"},"inLanguage":"pl-PL","potentialAction":[{"@type":"ReadAction","target":["https:\/\/zebate24.pl\/produkt\/4207785-dana-spicer-pompa-jazdy\/"]}]},{"@type":"ImageObject","inLanguage":"pl-PL","@id":"https:\/\/zebate24.pl\/produkt\/4207785-dana-spicer-pompa-jazdy\/#primaryimage","url":"https:\/\/zebate24.pl\/wp-content\/uploads\/2022\/09\/pompa-e1664199834470.png","contentUrl":"https:\/\/zebate24.pl\/wp-content\/uploads\/2022\/09\/pompa-e1664199834470.png","width":300,"height":300},{"@type":"BreadcrumbList","@id":"https:\/\/zebate24.pl\/produkt\/4207785-dana-spicer-pompa-jazdy\/#breadcrumb","itemListElement":[{"@type":"ListItem","position":1,"name":"Strona g\u0142\u00f3wna","item":"https:\/\/zebate24.pl\/"},{"@type":"ListItem","position":2,"name":"Cz\u0119\u015bci","item":"https:\/\/zebate24.pl\/czesci\/"},{"@type":"ListItem","position":3,"name":"4207785 Dana Spicer Pompa Jazdy"}]},{"@type":"WebSite","@id":"https:\/\/zebate24.pl\/#website","url":"https:\/\/zebate24.pl\/","name":"Z\u0119bate 24","description":"Szeroka oferta cz\u0119\u015bci nap\u0119dowych! Ko\u0142a z\u0119bate, przek\u0142adnie k\u0105towe z\u0119bate, most carraro, dana, kessler, spicer, zf, ko\u0142a talerzowe, mosty nap\u0119dowe","potentialAction":[{"@type":"SearchAction","target":{"@type":"EntryPoint","urlTemplate":"https:\/\/zebate24.pl\/?s={search_term_string}"},"query-input":{"@type":"PropertyValueSpecification","valueRequired":true,"valueName":"search_term_string"}}],"inLanguage":"pl-PL"}]}},"gutenberg_blocks":[{"blockName":"custom-styles","attrs":{"styles":""}}],"meta_data":false,"acf":[],"_links":{"self":[{"href":"https:\/\/zebate24.pl\/index.php\/wp-json\/wp\/v2\/product\/30600","targetHints":{"allow":["GET"]}}],"collection":[{"href":"https:\/\/zebate24.pl\/index.php\/wp-json\/wp\/v2\/product"}],"about":[{"href":"https:\/\/zebate24.pl\/index.php\/wp-json\/wp\/v2\/types\/product"}],"replies":[{"embeddable":true,"href":"https:\/\/zebate24.pl\/index.php\/wp-json\/wp\/v2\/comments?post=30600"}],"wp:featuredmedia":[{"embeddable":true,"href":"https:\/\/zebate24.pl\/index.php\/wp-json\/wp\/v2\/media\/30601"}],"wp:attachment":[{"href":"https:\/\/zebate24.pl\/index.php\/wp-json\/wp\/v2\/media?parent=30600"}],"wp:term":[{"taxonomy":"ze_product_categories","embeddable":true,"href":"https:\/\/zebate24.pl\/index.php\/wp-json\/wp\/v2\/ze_product_categories?post=30600"},{"taxonomy":"product_cat","embeddable":true,"href":"https:\/\/zebate24.pl\/index.php\/wp-json\/wp\/v2\/product_cat?post=30600"},{"taxonomy":"product_tag","embeddable":true,"href":"https:\/\/zebate24.pl\/index.php\/wp-json\/wp\/v2\/product_tag?post=30600"}],"curies":[{"name":"wp","href":"https:\/\/api.w.org\/{rel}","templated":true}]}}