{"id":30599,"date":"2022-09-26T13:24:13","date_gmt":"2022-09-26T13:24:13","guid":{"rendered":"https:\/\/zebate24.pl\/?post_type=product&#038;p=30599"},"modified":"2022-09-26T13:27:06","modified_gmt":"2022-09-26T13:27:06","slug":"797047-manitou-konwerter","status":"publish","type":"product","link":"https:\/\/zebate24.pl\/produkt\/797047-manitou-konwerter\/","title":{"rendered":"797047 Manitou Konwerter"},"content":{"rendered":"<p>nowy, oryginalny Konwerter Manitou.<\/p>\n<p>Nr-y por\u00f3wnawcze: 797047, 4213273<\/p>\n","protected":false},"excerpt":{"rendered":"<p>Kod producenta: 797047<\/p>\n","protected":false},"featured_media":30598,"comment_status":"closed","ping_status":"closed","template":"","meta":{"_acf_changed":false,"inline_featured_image":false},"ze_product_categories":[12406],"product_cat":[34],"product_tag":[5066,633,325],"class_list":{"0":"post-30599","1":"product","2":"type-product","3":"status-publish","4":"has-post-thumbnail","6":"ze_product_categories-konwertery","7":"product_cat-czesci-manitou","8":"product_tag-5066","9":"product_tag-konwerter","10":"product_tag-manitou","12":"first","13":"instock","14":"shipping-taxable","15":"purchasable","16":"product-type-simple"},"yoast_head":"<!-- This site is optimized with the Yoast SEO plugin v24.2 - https:\/\/yoast.com\/wordpress\/plugins\/seo\/ -->\n<title>797047 Manitou Konwerter - Z\u0119bate 24<\/title>\n<meta name=\"description\" content=\"Nowy, oryginalny Konwerter Manitou 797047\" \/>\n<meta name=\"robots\" content=\"index, follow, max-snippet:-1, max-image-preview:large, max-video-preview:-1\" \/>\n<link rel=\"canonical\" href=\"https:\/\/zebate24.pl\/produkt\/797047-manitou-konwerter\/\" \/>\n<meta property=\"og:locale\" content=\"pl_PL\" \/>\n<meta property=\"og:type\" content=\"article\" \/>\n<meta property=\"og:title\" content=\"797047 Manitou Konwerter - Z\u0119bate 24\" \/>\n<meta property=\"og:description\" content=\"Nowy, oryginalny Konwerter Manitou 797047\" \/>\n<meta property=\"og:url\" content=\"https:\/\/zebate24.pl\/produkt\/797047-manitou-konwerter\/\" \/>\n<meta property=\"og:site_name\" content=\"Z\u0119bate 24\" \/>\n<meta property=\"article:modified_time\" content=\"2022-09-26T13:27:06+00:00\" \/>\n<meta property=\"og:image\" content=\"https:\/\/zebate24.pl\/wp-content\/uploads\/2022\/09\/KONWERTER-e1664198570649.png\" \/>\n\t<meta property=\"og:image:width\" content=\"300\" \/>\n\t<meta property=\"og:image:height\" content=\"300\" \/>\n\t<meta property=\"og:image:type\" content=\"image\/png\" \/>\n<meta name=\"twitter:card\" content=\"summary_large_image\" \/>\n<meta name=\"twitter:label1\" content=\"Szacowany czas czytania\" \/>\n\t<meta name=\"twitter:data1\" content=\"1 minuta\" \/>\n<script type=\"application\/ld+json\" class=\"yoast-schema-graph\">{\"@context\":\"https:\/\/schema.org\",\"@graph\":[{\"@type\":\"WebPage\",\"@id\":\"https:\/\/zebate24.pl\/produkt\/797047-manitou-konwerter\/\",\"url\":\"https:\/\/zebate24.pl\/produkt\/797047-manitou-konwerter\/\",\"name\":\"797047 Manitou Konwerter - Z\u0119bate 24\",\"isPartOf\":{\"@id\":\"https:\/\/zebate24.pl\/#website\"},\"primaryImageOfPage\":{\"@id\":\"https:\/\/zebate24.pl\/produkt\/797047-manitou-konwerter\/#primaryimage\"},\"image\":{\"@id\":\"https:\/\/zebate24.pl\/produkt\/797047-manitou-konwerter\/#primaryimage\"},\"thumbnailUrl\":\"https:\/\/zebate24.pl\/wp-content\/uploads\/2022\/09\/KONWERTER-e1664198570649.png\",\"datePublished\":\"2022-09-26T13:24:13+00:00\",\"dateModified\":\"2022-09-26T13:27:06+00:00\",\"description\":\"Nowy, oryginalny Konwerter Manitou 797047\",\"breadcrumb\":{\"@id\":\"https:\/\/zebate24.pl\/produkt\/797047-manitou-konwerter\/#breadcrumb\"},\"inLanguage\":\"pl-PL\",\"potentialAction\":[{\"@type\":\"ReadAction\",\"target\":[\"https:\/\/zebate24.pl\/produkt\/797047-manitou-konwerter\/\"]}]},{\"@type\":\"ImageObject\",\"inLanguage\":\"pl-PL\",\"@id\":\"https:\/\/zebate24.pl\/produkt\/797047-manitou-konwerter\/#primaryimage\",\"url\":\"https:\/\/zebate24.pl\/wp-content\/uploads\/2022\/09\/KONWERTER-e1664198570649.png\",\"contentUrl\":\"https:\/\/zebate24.pl\/wp-content\/uploads\/2022\/09\/KONWERTER-e1664198570649.png\",\"width\":300,\"height\":300},{\"@type\":\"BreadcrumbList\",\"@id\":\"https:\/\/zebate24.pl\/produkt\/797047-manitou-konwerter\/#breadcrumb\",\"itemListElement\":[{\"@type\":\"ListItem\",\"position\":1,\"name\":\"Strona g\u0142\u00f3wna\",\"item\":\"https:\/\/zebate24.pl\/\"},{\"@type\":\"ListItem\",\"position\":2,\"name\":\"Cz\u0119\u015bci\",\"item\":\"https:\/\/zebate24.pl\/czesci\/\"},{\"@type\":\"ListItem\",\"position\":3,\"name\":\"797047 Manitou Konwerter\"}]},{\"@type\":\"WebSite\",\"@id\":\"https:\/\/zebate24.pl\/#website\",\"url\":\"https:\/\/zebate24.pl\/\",\"name\":\"Z\u0119bate 24\",\"description\":\"Szeroka oferta cz\u0119\u015bci nap\u0119dowych! Ko\u0142a z\u0119bate, przek\u0142adnie k\u0105towe z\u0119bate, most carraro, dana, kessler, spicer, zf, ko\u0142a talerzowe, mosty nap\u0119dowe\",\"potentialAction\":[{\"@type\":\"SearchAction\",\"target\":{\"@type\":\"EntryPoint\",\"urlTemplate\":\"https:\/\/zebate24.pl\/?s={search_term_string}\"},\"query-input\":{\"@type\":\"PropertyValueSpecification\",\"valueRequired\":true,\"valueName\":\"search_term_string\"}}],\"inLanguage\":\"pl-PL\"}]}<\/script>\n<!-- \/ Yoast SEO plugin. -->","yoast_head_json":{"title":"797047 Manitou Konwerter - Z\u0119bate 24","description":"Nowy, oryginalny Konwerter Manitou 797047","robots":{"index":"index","follow":"follow","max-snippet":"max-snippet:-1","max-image-preview":"max-image-preview:large","max-video-preview":"max-video-preview:-1"},"canonical":"https:\/\/zebate24.pl\/produkt\/797047-manitou-konwerter\/","og_locale":"pl_PL","og_type":"article","og_title":"797047 Manitou Konwerter - Z\u0119bate 24","og_description":"Nowy, oryginalny Konwerter Manitou 797047","og_url":"https:\/\/zebate24.pl\/produkt\/797047-manitou-konwerter\/","og_site_name":"Z\u0119bate 24","article_modified_time":"2022-09-26T13:27:06+00:00","og_image":[{"width":300,"height":300,"url":"https:\/\/zebate24.pl\/wp-content\/uploads\/2022\/09\/KONWERTER-e1664198570649.png","type":"image\/png"}],"twitter_card":"summary_large_image","twitter_misc":{"Szacowany czas czytania":"1 minuta"},"schema":{"@context":"https:\/\/schema.org","@graph":[{"@type":"WebPage","@id":"https:\/\/zebate24.pl\/produkt\/797047-manitou-konwerter\/","url":"https:\/\/zebate24.pl\/produkt\/797047-manitou-konwerter\/","name":"797047 Manitou Konwerter - Z\u0119bate 24","isPartOf":{"@id":"https:\/\/zebate24.pl\/#website"},"primaryImageOfPage":{"@id":"https:\/\/zebate24.pl\/produkt\/797047-manitou-konwerter\/#primaryimage"},"image":{"@id":"https:\/\/zebate24.pl\/produkt\/797047-manitou-konwerter\/#primaryimage"},"thumbnailUrl":"https:\/\/zebate24.pl\/wp-content\/uploads\/2022\/09\/KONWERTER-e1664198570649.png","datePublished":"2022-09-26T13:24:13+00:00","dateModified":"2022-09-26T13:27:06+00:00","description":"Nowy, oryginalny Konwerter Manitou 797047","breadcrumb":{"@id":"https:\/\/zebate24.pl\/produkt\/797047-manitou-konwerter\/#breadcrumb"},"inLanguage":"pl-PL","potentialAction":[{"@type":"ReadAction","target":["https:\/\/zebate24.pl\/produkt\/797047-manitou-konwerter\/"]}]},{"@type":"ImageObject","inLanguage":"pl-PL","@id":"https:\/\/zebate24.pl\/produkt\/797047-manitou-konwerter\/#primaryimage","url":"https:\/\/zebate24.pl\/wp-content\/uploads\/2022\/09\/KONWERTER-e1664198570649.png","contentUrl":"https:\/\/zebate24.pl\/wp-content\/uploads\/2022\/09\/KONWERTER-e1664198570649.png","width":300,"height":300},{"@type":"BreadcrumbList","@id":"https:\/\/zebate24.pl\/produkt\/797047-manitou-konwerter\/#breadcrumb","itemListElement":[{"@type":"ListItem","position":1,"name":"Strona g\u0142\u00f3wna","item":"https:\/\/zebate24.pl\/"},{"@type":"ListItem","position":2,"name":"Cz\u0119\u015bci","item":"https:\/\/zebate24.pl\/czesci\/"},{"@type":"ListItem","position":3,"name":"797047 Manitou Konwerter"}]},{"@type":"WebSite","@id":"https:\/\/zebate24.pl\/#website","url":"https:\/\/zebate24.pl\/","name":"Z\u0119bate 24","description":"Szeroka oferta cz\u0119\u015bci nap\u0119dowych! Ko\u0142a z\u0119bate, przek\u0142adnie k\u0105towe z\u0119bate, most carraro, dana, kessler, spicer, zf, ko\u0142a talerzowe, mosty nap\u0119dowe","potentialAction":[{"@type":"SearchAction","target":{"@type":"EntryPoint","urlTemplate":"https:\/\/zebate24.pl\/?s={search_term_string}"},"query-input":{"@type":"PropertyValueSpecification","valueRequired":true,"valueName":"search_term_string"}}],"inLanguage":"pl-PL"}]}},"gutenberg_blocks":[{"blockName":"custom-styles","attrs":{"styles":""}}],"meta_data":false,"acf":[],"_links":{"self":[{"href":"https:\/\/zebate24.pl\/index.php\/wp-json\/wp\/v2\/product\/30599","targetHints":{"allow":["GET"]}}],"collection":[{"href":"https:\/\/zebate24.pl\/index.php\/wp-json\/wp\/v2\/product"}],"about":[{"href":"https:\/\/zebate24.pl\/index.php\/wp-json\/wp\/v2\/types\/product"}],"replies":[{"embeddable":true,"href":"https:\/\/zebate24.pl\/index.php\/wp-json\/wp\/v2\/comments?post=30599"}],"wp:featuredmedia":[{"embeddable":true,"href":"https:\/\/zebate24.pl\/index.php\/wp-json\/wp\/v2\/media\/30598"}],"wp:attachment":[{"href":"https:\/\/zebate24.pl\/index.php\/wp-json\/wp\/v2\/media?parent=30599"}],"wp:term":[{"taxonomy":"ze_product_categories","embeddable":true,"href":"https:\/\/zebate24.pl\/index.php\/wp-json\/wp\/v2\/ze_product_categories?post=30599"},{"taxonomy":"product_cat","embeddable":true,"href":"https:\/\/zebate24.pl\/index.php\/wp-json\/wp\/v2\/product_cat?post=30599"},{"taxonomy":"product_tag","embeddable":true,"href":"https:\/\/zebate24.pl\/index.php\/wp-json\/wp\/v2\/product_tag?post=30599"}],"curies":[{"name":"wp","href":"https:\/\/api.w.org\/{rel}","templated":true}]}}